REPLACE INTO `rvs_category` (`rvs_category_id`, `category_name`, `category_sh_name`) VALUES ('4', 'Computer and Technology', 'ct');
REPLACE INTO `rvs_charset` (`charset_id`, `charset_name`, `charset_value`, `xml_lang`) VALUES ('17', 'english', 'iso-8859-15', 'en');
REPLACE INTO `rvs_color` (`color_id`, `color_name`, `color_code`) VALUES ('9', 'Royalblue', '4169E1');
REPLACE INTO `rvs_color_group` (`color_group_id`, `color_id`) VALUES ('2', '9');
REPLACE INTO `rvs_color_group_name` (`color_group_id`, `default_color_id`) VALUES ('2', '8');
REPLACE INTO `rvs_component` (`rvs_component_id`, `component_name`, `rvs_owner_usr_id`, `use_wysiwyg`) VALUES ('0abdc8803782cfd0792fd5597afe8ca8', 'Online_Form', '35b29aca3af2db0d55b3f6c61d3cec6f', '0');
REPLACE INTO `rvs_component_config` (`rvs_component_id`, `component_config`, `component_value`) VALUES ('0abdc8803782cfd0792fd5597afe8ca8', 'active', '1');
REPLACE INTO `rvs_component_config` (`rvs_component_id`, `component_config`, `component_value`) VALUES ('0abdc8803782cfd0792fd5597afe8ca8', 'isResellerConfig', '1');
REPLACE INTO `rvs_font` (`font_id`, `font_name`) VALUES ('12', 'Verdana');
REPLACE INTO `forms` (`id`, `username`, `title`, `height`, `status`) VALUES ('285011abdf93176639b5ba0beb42c258', 'b1796a718bd3a2200333260e63f116c3', 'contact us', '640', 'undefined');
REPLACE INTO `questions` (`form_id`, `id`, `order`, `type`) VALUES ('285011abdf93176639b5ba0beb42c258', '0', '1', 'control_textbox');
REPLACE INTO `questions` (`form_id`, `id`, `order`, `type`) VALUES ('285011abdf93176639b5ba0beb42c258', '1', '2', 'control_textbox');
REPLACE INTO `questions` (`form_id`, `id`, `order`, `type`) VALUES ('285011abdf93176639b5ba0beb42c258', '2', '4', 'control_textbox');
REPLACE INTO `questions` (`form_id`, `id`, `order`, `type`) VALUES ('285011abdf93176639b5ba0beb42c258', '7', '6', 'control_textarea');
REPLACE INTO `questions` (`form_id`, `id`, `order`, `type`) VALUES ('285011abdf93176639b5ba0beb42c258', '8', '8', 'control_button');
REPLACE INTO `questions` (`form_id`, `id`, `order`, `type`) VALUES ('285011abdf93176639b5ba0beb42c258', '12', '5', 'control_textbox');
REPLACE INTO `questions` (`form_id`, `id`, `order`, `type`) VALUES ('285011abdf93176639b5ba0beb42c258', '13', '3', 'control_dropdown');
REPLACE INTO `questions` (`form_id`, `id`, `order`, `type`) VALUES ('285011abdf93176639b5ba0beb42c258', '14', '7', 'control_captcha');
REPLACE INTO `question_properties` (`form_id`, `question_id`, `prop`, `value`) VALUES ('285011abdf93176639b5ba0beb42c258', '0', 'desc', '');
REPLACE INTO `question_properties` (`form_id`, `question_id`, `prop`, `value`) VALUES ('285011abdf93176639b5ba0beb42c258', '0', 'maxsize', '100');
REPLACE INTO `question_properties` (`form_id`, `question_id`, `prop`, `value`) VALUES ('285011abdf93176639b5ba0beb42c258', '0', 'required', 'yes');
REPLACE INTO `question_properties` (`form_id`, `question_id`, `prop`, `value`) VALUES ('285011abdf93176639b5ba0beb42c258', '0', 'size', '20');
REPLACE INTO `question_properties` (`form_id`, `question_id`, `prop`, `value`) VALUES ('285011abdf93176639b5ba0beb42c258', '0', 'text', 'First Name');
REPLACE INTO `question_properties` (`form_id`, `question_id`, `prop`, `value`) VALUES ('285011abdf93176639b5ba0beb42c258', '0', 'validation', 'no');
REPLACE INTO `question_properties` (`form_id`, `question_id`, `prop`, `value`) VALUES ('285011abdf93176639b5ba0beb42c258', '1', 'desc', '');
REPLACE INTO `question_properties` (`form_id`, `question_id`, `prop`, `value`) VALUES ('285011abdf93176639b5ba0beb42c258', '1', 'maxsize', '100');
REPLACE INTO `question_properties` (`form_id`, `question_id`, `prop`, `value`) VALUES ('285011abdf93176639b5ba0beb42c258', '1', 'required', 'yes');
REPLACE INTO `question_properties` (`form_id`, `question_id`, `prop`, `value`) VALUES ('285011abdf93176639b5ba0beb42c258', '1', 'size', '20');
REPLACE INTO `question_properties` (`form_id`, `question_id`, `prop`, `value`) VALUES ('285011abdf93176639b5ba0beb42c258', '1', 'text', 'Last Name');
REPLACE INTO `question_properties` (`form_id`, `question_id`, `prop`, `value`) VALUES ('285011abdf93176639b5ba0beb42c258', '1', 'validation', 'no');
REPLACE INTO `question_properties` (`form_id`, `question_id`, `prop`, `value`) VALUES ('285011abdf93176639b5ba0beb42c258', '2', 'desc', '');
REPLACE INTO `question_properties` (`form_id`, `question_id`, `prop`, `value`) VALUES ('285011abdf93176639b5ba0beb42c258', '2', 'maxsize', '100');
REPLACE INTO `question_properties` (`form_id`, `question_id`, `prop`, `value`) VALUES ('285011abdf93176639b5ba0beb42c258', '2', 'required', 'yes');
REPLACE INTO `question_properties` (`form_id`, `question_id`, `prop`, `value`) VALUES ('285011abdf93176639b5ba0beb42c258', '2', 'size', '20');
REPLACE INTO `question_properties` (`form_id`, `question_id`, `prop`, `value`) VALUES ('285011abdf93176639b5ba0beb42c258', '2', 'text', 'E-mail');
REPLACE INTO `question_properties` (`form_id`, `question_id`, `prop`, `value`) VALUES ('285011abdf93176639b5ba0beb42c258', '2', 'validation', 'Email');
REPLACE INTO `question_properties` (`form_id`, `question_id`, `prop`, `value`) VALUES ('285011abdf93176639b5ba0beb42c258', '7', 'cols', '35');
REPLACE INTO `question_properties` (`form_id`, `question_id`, `prop`, `value`) VALUES ('285011abdf93176639b5ba0beb42c258', '7', 'desc', '');
REPLACE INTO `question_properties` (`form_id`, `question_id`, `prop`, `value`) VALUES ('285011abdf93176639b5ba0beb42c258', '7', 'required', 'yes');
REPLACE INTO `question_properties` (`form_id`, `question_id`, `prop`, `value`) VALUES ('285011abdf93176639b5ba0beb42c258', '7', 'rows', '10');
REPLACE INTO `question_properties` (`form_id`, `question_id`, `prop`, `value`) VALUES ('285011abdf93176639b5ba0beb42c258', '7', 'text', 'Your Message');
REPLACE INTO `question_properties` (`form_id`, `question_id`, `prop`, `value`) VALUES ('285011abdf93176639b5ba0beb42c258', '7', 'validation', 'no');
REPLACE INTO `question_properties` (`form_id`, `question_id`, `prop`, `value`) VALUES ('285011abdf93176639b5ba0beb42c258', '8', 'clear', 'no');
REPLACE INTO `question_properties` (`form_id`, `question_id`, `prop`, `value`) VALUES ('285011abdf93176639b5ba0beb42c258', '8', 'submittext', 'Submit');
REPLACE INTO `question_properties` (`form_id`, `question_id`, `prop`, `value`) VALUES ('285011abdf93176639b5ba0beb42c258', '8', 'text', '');
REPLACE INTO `question_properties` (`form_id`, `question_id`, `prop`, `value`) VALUES ('285011abdf93176639b5ba0beb42c258', '12', 'desc', '');
REPLACE INTO `question_properties` (`form_id`, `question_id`, `prop`, `value`) VALUES ('285011abdf93176639b5ba0beb42c258', '12', 'maxsize', '100');
REPLACE INTO `question_properties` (`form_id`, `question_id`, `prop`, `value`) VALUES ('285011abdf93176639b5ba0beb42c258', '12', 'required', 'no');
REPLACE INTO `question_properties` (`form_id`, `question_id`, `prop`, `value`) VALUES ('285011abdf93176639b5ba0beb42c258', '12', 'size', '20');
REPLACE INTO `question_properties` (`form_id`, `question_id`, `prop`, `value`) VALUES ('285011abdf93176639b5ba0beb42c258', '12', 'text', 'Phone');
REPLACE INTO `question_properties` (`form_id`, `question_id`, `prop`, `value`) VALUES ('285011abdf93176639b5ba0beb42c258', '12', 'validation', 'no');
REPLACE INTO `question_properties` (`form_id`, `question_id`, `prop`, `value`) VALUES ('285011abdf93176639b5ba0beb42c258', '13', 'desc', '');
REPLACE INTO `question_properties` (`form_id`, `question_id`, `prop`, `value`) VALUES ('285011abdf93176639b5ba0beb42c258', '13', 'options', 'TOEFL Test<br>IT Certification Exams<br>Training<br>Outsourcing<br>Web Design and Hosting<br>Others');
REPLACE INTO `question_properties` (`form_id`, `question_id`, `prop`, `value`) VALUES ('285011abdf93176639b5ba0beb42c258', '13', 'required', 'no');
REPLACE INTO `question_properties` (`form_id`, `question_id`, `prop`, `value`) VALUES ('285011abdf93176639b5ba0beb42c258', '13', 'size', '1');
REPLACE INTO `question_properties` (`form_id`, `question_id`, `prop`, `value`) VALUES ('285011abdf93176639b5ba0beb42c258', '13', 'special', 'none');
REPLACE INTO `question_properties` (`form_id`, `question_id`, `prop`, `value`) VALUES ('285011abdf93176639b5ba0beb42c258', '13', 'text', 'Select');
REPLACE INTO `question_properties` (`form_id`, `question_id`, `prop`, `value`) VALUES ('285011abdf93176639b5ba0beb42c258', '14', 'desc', '');
REPLACE INTO `question_properties` (`form_id`, `question_id`, `prop`, `value`) VALUES ('285011abdf93176639b5ba0beb42c258', '14', 'text', 'Type the following below');
REPLACE INTO `question_properties` (`form_id`, `question_id`, `prop`, `value`) VALUES ('285011abdf93176639b5ba0beb42c258', '999', 'alignment', 'default');
REPLACE INTO `question_properties` (`form_id`, `question_id`, `prop`, `value`) VALUES ('285011abdf93176639b5ba0beb42c258', '999', 'background', 'white');
REPLACE INTO `question_properties` (`form_id`, `question_id`, `prop`, `value`) VALUES ('285011abdf93176639b5ba0beb42c258', '999', 'conf_body', 'Thanks for submitting our form, we will get back to you as soon as possible.');
REPLACE INTO `question_properties` (`form_id`, `question_id`, `prop`, `value`) VALUES ('285011abdf93176639b5ba0beb42c258', '999', 'conf_send', 'no');
REPLACE INTO `question_properties` (`form_id`, `question_id`, `prop`, `value`) VALUES ('285011abdf93176639b5ba0beb42c258', '999', 'conf_subj', 'Submission Received');
REPLACE INTO `question_properties` (`form_id`, `question_id`, `prop`, `value`) VALUES ('285011abdf93176639b5ba0beb42c258', '999', 'disabled', 'Enabled');
REPLACE INTO `question_properties` (`form_id`, `question_id`, `prop`, `value`) VALUES ('285011abdf93176639b5ba0beb42c258', '999', 'email', 'yes');
REPLACE INTO `question_properties` (`form_id`, `question_id`, `prop`, `value`) VALUES ('285011abdf93176639b5ba0beb42c258', '999', 'email_addr', 'tca@cetracom.net');
REPLACE INTO `question_properties` (`form_id`, `question_id`, `prop`, `value`) VALUES ('285011abdf93176639b5ba0beb42c258', '999', 'ext_sendpostdata', 'no');
REPLACE INTO `question_properties` (`form_id`, `question_id`, `prop`, `value`) VALUES ('285011abdf93176639b5ba0beb42c258', '999', 'font', 'Verdana');
REPLACE INTO `question_properties` (`form_id`, `question_id`, `prop`, `value`) VALUES ('285011abdf93176639b5ba0beb42c258', '999', 'fontcolor', '#3b5138');
REPLACE INTO `question_properties` (`form_id`, `question_id`, `prop`, `value`) VALUES ('285011abdf93176639b5ba0beb42c258', '999', 'fontsize', '12');
REPLACE INTO `question_properties` (`form_id`, `question_id`, `prop`, `value`) VALUES ('285011abdf93176639b5ba0beb42c258', '999', 'not_subj', 'New Submission: {qForm Title}');
REPLACE INTO `question_properties` (`form_id`, `question_id`, `prop`, `value`) VALUES ('285011abdf93176639b5ba0beb42c258', '999', 'rvcolor', '');
REPLACE INTO `question_properties` (`form_id`, `question_id`, `prop`, `value`) VALUES ('285011abdf93176639b5ba0beb42c258', '999', 'rvtheme', 'rvJotformThemeStyle1');
REPLACE INTO `question_properties` (`form_id`, `question_id`, `prop`, `value`) VALUES ('285011abdf93176639b5ba0beb42c258', '999', 'sendpostdata', 'yes');
REPLACE INTO `question_properties` (`form_id`, `question_id`, `prop`, `value`) VALUES ('285011abdf93176639b5ba0beb42c258', '999', 'spamcheck', 'Enabled');
REPLACE INTO `question_properties` (`form_id`, `question_id`, `prop`, `value`) VALUES ('285011abdf93176639b5ba0beb42c258', '999', 'thanktext', 'Thanks for submitting our form, we will get back to you as soon as possible.');
REPLACE INTO `question_properties` (`form_id`, `question_id`, `prop`, `value`) VALUES ('285011abdf93176639b5ba0beb42c258', '999', 'theme', 'Default');
REPLACE INTO `question_properties` (`form_id`, `question_id`, `prop`, `value`) VALUES ('285011abdf93176639b5ba0beb42c258', '999', 'use_buildin_formmail', 'yes');
REPLACE INTO `question_properties` (`form_id`, `question_id`, `prop`, `value`) VALUES ('285011abdf93176639b5ba0beb42c258', '999', 'width', '100%');
REPLACE INTO `question_utf8` (`form_id`, `utf8format`) VALUES ('285011abdf93176639b5ba0beb42c258', '1');
REPLACE INTO `rvs_layout_template` (`layout_template_id`, `layout_template_name`, `layout_template_data`, `layout_template_desc`, `layout_template_preview`, `layout_template_head`, `layout_group_id`) VALUES ('a08838f9d3fc73dbac8aca3a170edb5f', 'General style 20', '<!-- ####### LAYOUT CSS: MODIFY COLOR, FONT AND BOX SIZE HERE BUT DO NOT DELETE. ####### -->\r\n\r\n<style type=\"text/css\">\r\n.type06bulletpad{\r\n		padding:4px 3px 0px 3px;\r\n		text-align:center;\r\n}	\r\n.type06borderbottom{\r\n		border-bottom:#C9C1AA solid 1px;\r\n		line-height:20px; \r\n}\r\n.type06head{  \r\n		font-size:110%;\r\n		color:#FFFFFF;\r\n		font-weight:bold;\r\n		line-height:20px;\r\n		padding:0px 5px 0px 5px;\r\n		background-color:#BDBDBD;\r\n}\r\n.type06line{\r\n		background-image:url(images/linev.gif);\r\n		height:2px;\r\n}\r\n.type06bottom{ padding-bottom:10px;\r\n}\r\n</style>\r\n<!-- ########################### END CSS LAYOUT ###########################  -->\r\n<table cellpadding=\"0\" cellspacing=\"3\">\r\n  <tr>\r\n  	<td align=\"left\" valign=\"top\">\r\n		<table cellpadding=\"0\" cellspacing=\"0\" width=\"100%\">\r\n			<tr>\r\n				<td width=\"33%\" align=\"center\" valign=\"top\">\r\n				<table cellpadding=\"0\" cellspacing=\"3\" width=\"100%\">\r\n						<tr>\r\n						  <td align=\"left\" colspan=\"2\" class=\"type06head\">Europan lingues</td>\r\n						</tr>\r\n						<tr>\r\n						  <td class=\"type06bulletpad\" valign=\"top\" align=\"center\" width=\"5%\"><img src=\"images/bullet.gif\" alt=\"\" width=\"5\" height=\"5\" /></td>\r\n						  <td width=\"95%\" valign=\"top\" align=\"left\" class=\"type06bottom\">Lorem ipsum dolor sit amet, consetetur sadipscing elitr, sed diam nonumy eirmod tempor invidunt ut labore et dolore magna aliquyam erat, sed diam voluptua.</td>\r\n						</tr>\r\n						<tr><td colspan=\"2\" class=\"type06line\"><img src=\"images/spacer.gif\" alt=\"\" width=\"1\" height=\"2\" /></td>\r\n						</tr>\r\n						<tr>\r\n						  <td class=\"type06bulletpad\" valign=\"top\" align=\"center\" width=\"5%\"><img src=\"images/bullet.gif\" alt=\"\" width=\"5\" height=\"5\" /></td>\r\n						  <td width=\"95%\" align=\"left\" class=\"type06bottom\">Lorem ipsum dolor sit amet, consetetur sadipscing elitr, sed diam nonumy eirmod tempor invidunt ut labore et dolore magna aliquyam erat, sed diam voluptua.</td>\r\n						</tr>\r\n						<tr><td colspan=\"2\" class=\"type06line\"><img src=\"images/spacer.gif\" alt=\"\" width=\"1\" height=\"2\" /></td>\r\n						</tr>\r\n						<tr>\r\n						  <td class=\"type06bulletpad\" valign=\"top\" align=\"center\" width=\"5%\"><img src=\"images/bullet.gif\" alt=\"\" width=\"5\" height=\"5\" /></td>\r\n						  <td width=\"95%\" align=\"left\" class=\"type06bottom\">Lorem ipsum dolor sit amet, consetetur sadipscing elitr, sed diam nonumy eirmod tempor invidunt ut labore et dolore magna aliquyam erat, sed diam voluptua.</td>\r\n						</tr>\r\n						\r\n				  	</table>\r\n				</td>\r\n				<td width=\"33%\" align=\"left\" valign=\"top\">\r\n					<table cellpadding=\"0\" cellspacing=\"3\" width=\"100%\">\r\n						<tr>\r\n						  <td class=\"type06head\" colspan=\"2\"> Europan lingues</td>\r\n						</tr>\r\n						<tr>\r\n						  <td class=\"type06bulletpad\" valign=\"top\" align=\"center\" width=\"5%\"><img src=\"images/bullet.gif\" alt=\"\" width=\"5\" height=\"5\" /></td>\r\n						  <td align=\"left\" width=\"95%\" class=\"type06bottom\">Europan lingues Lorem ipsum dolor sit amet, consetetur sadipscing. europan lingues Lorem ipsum dolor sit amet, consetetur sadipscing</td>\r\n						</tr>\r\n						<tr><td colspan=\"2\" class=\"type06line\"><img src=\"images/spacer.gif\" alt=\"\" width=\"1\" height=\"2\" /></td>\r\n						</tr>\r\n						<tr>\r\n						  <td class=\"type06bulletpad\" valign=\"top\" align=\"center\" width=\"5%\"><img src=\"images/bullet.gif\" alt=\"\" width=\"5\" height=\"5\" /></td>\r\n						  <td align=\"left\" width=\"95%\" class=\"type06bottom\">Europan lingues Lorem ipsum dolor sit amet, consetetur sadipscing. europan lingues Lorem ipsum dolor sit amet, consetetur sadipscing</td>\r\n						</tr>\r\n						<tr><td colspan=\"2\" class=\"type06line\"><img src=\"images/spacer.gif\" alt=\"\" width=\"1\" height=\"2\" /></td>\r\n						</tr>\r\n						  <td class=\"type06bulletpad\" valign=\"top\" align=\"center\" width=\"5%\"><img src=\"images/bullet.gif\" alt=\"\" width=\"5\" height=\"5\" /></td>\r\n						  <td align=\"left\" width=\"95%\" class=\"type06bottom\">Europan lingues Lorem ipsum dolor sit amet, consetetur sadipscing. europan lingues Lorem ipsum dolor sit amet, consetetur sadipscing</td>\r\n						</tr>\r\n				  	</table>\r\n				</td>\r\n				<td width=\"33%\" align=\"left\" valign=\"top\">\r\n				<table cellpadding=\"0\" cellspacing=\"3\" width=\"100%\">\r\n						<tr>\r\n						  <td class=\"type06head\" colspan=\"2\"> Europan lingues</td>\r\n						</tr>\r\n						<tr>						  \r\n						  <td align=\"left\" class=\"type06bottom\"><b>Lorem ipsum</b> dolor sit amet, consetetur sadipscing elitr, sed diam nonumy eirmod tempor invidunt ut labore et dolore magna aliquyam erat, sed diam voluptua.</td>\r\n						</tr>\r\n						<tr>						\r\n						  <td align=\"left\" class=\"type06bottom\"><b>Lorem ipsum</b> dolor sit amet, consetetur sadipscing elitr, sed diam nonumy eirmod tempor invidunt ut labore et dolore magna aliquyam erat, sed diam voluptua.</td>\r\n						</tr>\r\n						<tr>						 \r\n						  <td align=\"left\" class=\"type06bottom\"><b>Lorem ipsum</b> dolor sit amet, consetetur sadipscing elitr, sed diam nonumy eirmod tempor invidunt ut labore et dolore magna aliquyam erat, sed diam voluptua.</td>\r\n						</tr>\r\n				  	</table>\r\n				</td>\r\n			</tr>\r\n		</table>  		\r\n	</td>\r\n	</tr>\r\n</table>', '', 'b_layout20.jpg', '', '3');
REPLACE INTO `rvs_layout_group` (`layout_group_id`, `layout_group_name`, `layout_category_id`) VALUES ('3', 'general style', '1');
REPLACE INTO `rvs_navigator_name` (`navigator_name_id`, `navigator_name`) VALUES ('4', 'h_dash_tab');
REPLACE INTO `rvs_navigator` (`navigator_id`, `menustyle_id`, `navigator_name_id`) VALUES ('26', '2', '4');
REPLACE INTO `rvs_project_page_out_seggestion` (`project_page_id`, `out_suggestion_id`) VALUES ('b4ddcf10e08a083ea848b8d99a5cd624', '');
REPLACE INTO `rvs_project_page_out_seggestion` (`project_page_id`, `out_suggestion_id`) VALUES ('f8c80b3d8aa97cedffb9d7bc116e529e', '4');
REPLACE INTO `rvs_project_page_out_seggestion` (`project_page_id`, `out_suggestion_id`) VALUES ('7bae9da57adea87f4f76e4cc0cf8c223', '6');
REPLACE INTO `rvs_project_page_out_seggestion` (`project_page_id`, `out_suggestion_id`) VALUES ('55e693bf8f6d80623ed231cf318150f2', '5');
REPLACE INTO `rvs_project_page_out_seggestion` (`project_page_id`, `out_suggestion_id`) VALUES ('e5e48c9046418145b5906bbade1687be', '2');
REPLACE INTO `rvs_project_page_out_seggestion` (`project_page_id`, `out_suggestion_id`) VALUES ('55c21602257a533beed62a27f9541d36', '1');
REPLACE INTO `rvs_project_page_out_seggestion` (`project_page_id`, `out_suggestion_id`) VALUES ('c7385c469919494e17665ee7e0d6a6b6', '');
REPLACE INTO `rvs_project_page_out_seggestion` (`project_page_id`, `out_suggestion_id`) VALUES ('cbc9748e45524e651df79116087149ff', '');
REPLACE INTO `rvs_project_page_out_seggestion` (`project_page_id`, `out_suggestion_id`) VALUES ('7ab4e519aef5991d4b390ad4a0ee3a6d', '4');
REPLACE INTO `rvs_project_page_out_seggestion` (`project_page_id`, `out_suggestion_id`) VALUES ('bbf097931bc4acf3dabb235c1cf35a73', '9');
REPLACE INTO `rvs_project_page_out_seggestion` (`project_page_id`, `out_suggestion_id`) VALUES ('1eee41e2aacef23269342cf1e5910e1d', '');
REPLACE INTO `rvs_project_page_out_seggestion` (`project_page_id`, `out_suggestion_id`) VALUES ('d71fc7b63faa09230e49d0723980e396', '');
REPLACE INTO `rvs_project_page_out_seggestion` (`project_page_id`, `out_suggestion_id`) VALUES ('95510fe215b0e571ec16ae4ddefefb62', '');
REPLACE INTO `rvs_project_page_out_seggestion` (`project_page_id`, `out_suggestion_id`) VALUES ('9b6c7e5bbb1eb3ddb4be8d2802a66e4d', '');
REPLACE INTO `rvs_project_page_out_seggestion` (`project_page_id`, `out_suggestion_id`) VALUES ('0072caa6302f1127d9a7e21f3ee6ed60', '');
REPLACE INTO `rvs_project_page_out_seggestion` (`project_page_id`, `out_suggestion_id`) VALUES ('4b0489acf8f77a0315dca4ba4caaaeb0', '');
REPLACE INTO `rvs_project_page_out_seggestion` (`project_page_id`, `out_suggestion_id`) VALUES ('4b6194ced493f79856915dcc0beec8d2', '');
REPLACE INTO `rvs_project_page_out_seggestion` (`project_page_id`, `out_suggestion_id`) VALUES ('3cb5fc8d8c6ff5ea045660ff241ecce7', '');
REPLACE INTO `rvs_project_page_out_seggestion` (`project_page_id`, `out_suggestion_id`) VALUES ('aafcdbdb1367946e9c93b6622756a9ba', '');
REPLACE INTO `rvs_project_page_out_seggestion` (`project_page_id`, `out_suggestion_id`) VALUES ('adb7de4440bf1262d0db5bb0613b0918', '');
REPLACE INTO `rvs_project_page_out_seggestion` (`project_page_id`, `out_suggestion_id`) VALUES ('8ef2ecf51f22fe70145f1744b388fa3d', '');
REPLACE INTO `rvs_project_page_out_seggestion` (`project_page_id`, `out_suggestion_id`) VALUES ('6ae190fb16741d33a7e2d1807aa36977', '');
REPLACE INTO `rvs_project_page_out_seggestion` (`project_page_id`, `out_suggestion_id`) VALUES ('4f8043c1d000f12982feb5d5be86e5db', '15');
REPLACE INTO `rvs_project_page_out_seggestion` (`project_page_id`, `out_suggestion_id`) VALUES ('40809902b31f4509d0590906f3a6f453', '');
REPLACE INTO `rvs_project_page_out_seggestion` (`project_page_id`, `out_suggestion_id`) VALUES ('2dbff3adf386ea81bf3383724e0e572c', '');
REPLACE INTO `rvs_project_page_out_seggestion` (`project_page_id`, `out_suggestion_id`) VALUES ('d0af7d03c4b4ee34b56b01b268b5cc53', '');
REPLACE INTO `rvs_out_suggestion` (`out_suggestion_id`, `out_suggestion_name`, `description_keylang`) VALUES ('4', 'Products', 'our suggestion Products description');
REPLACE INTO `rvs_out_suggestion` (`out_suggestion_id`, `out_suggestion_name`, `description_keylang`) VALUES ('6', 'Portfolio', 'our suggestion Portfolio description');
REPLACE INTO `rvs_out_suggestion` (`out_suggestion_id`, `out_suggestion_name`, `description_keylang`) VALUES ('5', 'Services', 'our suggestion Services description');
REPLACE INTO `rvs_out_suggestion` (`out_suggestion_id`, `out_suggestion_name`, `description_keylang`) VALUES ('2', 'About us', '');
REPLACE INTO `rvs_out_suggestion` (`out_suggestion_id`, `out_suggestion_name`, `description_keylang`) VALUES ('1', 'Home', '');
REPLACE INTO `rvs_out_suggestion` (`out_suggestion_id`, `out_suggestion_name`, `description_keylang`) VALUES ('9', 'Contact Us@@Online_Form', '');
REPLACE INTO `rvs_out_suggestion` (`out_suggestion_id`, `out_suggestion_name`, `description_keylang`) VALUES ('15', 'Support', 'our suggestion Support description');
REPLACE INTO `rvs_picture` (`picture_id`, `picture_name`) VALUES ('205', 'technology');
REPLACE INTO `rvs_project` (`project_id`, `project_info_id`, `rvs_usr_id`, `project_name`, `project_directory`, `utf8format`) VALUES ('b1796a718bd3a2200333260e63f116c3', '0bd6f6df9df6bef55f82d4b0ec8e9a90', '35b29aca3af2db0d55b3f6c61d3cec6f', 'Cetra', '', '1');
REPLACE INTO `rvs_project_info` (`project_info_id`, `template_item_id`, `font_id`, `navigator_id`, `rvs_category_id`, `charset_id`, `project_company`, `project_slogan`, `project_logo`, `project_title`, `project_keyword`, `project_description`, `project_domain`, `check_step`, `effect_site_enter`, `duration_site_enter`, `last_update`, `layout_template_id`, `i_pathway`, `i_mail`, `i_print`, `i_favorite`, `no_slogan`, `no_company_name`, `navigator_name_id`, `is_member_page`) VALUES ('0bd6f6df9df6bef55f82d4b0ec8e9a90', '416983bd138fab9372b7315d9df922d3', '12', 'fafaced740b858b9dc9b0670f0414a0e', '4', '17', '<strong style=\"&quot;null nullnullnullnullnullnull \" face=\"Verdana\" color=\"#df2020\"><font style=\"font-size: 36px\" face=\"Arial\" color=\"#df2020\">Cetra Computers</font></strong>', '<div><strong color=\"#b8b8b8\"><em><font color=\"#b8b8b8\">&nbsp;......consider it done!</font></em></strong></div>', 'NOPIC', 'Cetra Computers', '', '', 'cetracom.net', '4', NULL, NULL, '1341822437', 'a08838f9d3fc73dbac8aca3a170edb5f', '1', '1', '1', '1', '0', '0', '4', '0');
REPLACE INTO `rvs_project_layout_page` (`project_id`, `project_page_id`, `parent_project_page_id`, `priority`, `is_home`) VALUES ('b1796a718bd3a2200333260e63f116c3', 'b4ddcf10e08a083ea848b8d99a5cd624', '7bae9da57adea87f4f76e4cc0cf8c223', '2', '0');
REPLACE INTO `rvs_project_layout_page` (`project_id`, `project_page_id`, `parent_project_page_id`, `priority`, `is_home`) VALUES ('b1796a718bd3a2200333260e63f116c3', 'f8c80b3d8aa97cedffb9d7bc116e529e', '0', '5', '0');
REPLACE INTO `rvs_project_layout_page` (`project_id`, `project_page_id`, `parent_project_page_id`, `priority`, `is_home`) VALUES ('b1796a718bd3a2200333260e63f116c3', '7bae9da57adea87f4f76e4cc0cf8c223', '0', '4', '0');
REPLACE INTO `rvs_project_layout_page` (`project_id`, `project_page_id`, `parent_project_page_id`, `priority`, `is_home`) VALUES ('b1796a718bd3a2200333260e63f116c3', '55e693bf8f6d80623ed231cf318150f2', '0', '3', '0');
REPLACE INTO `rvs_project_layout_page` (`project_id`, `project_page_id`, `parent_project_page_id`, `priority`, `is_home`) VALUES ('b1796a718bd3a2200333260e63f116c3', 'e5e48c9046418145b5906bbade1687be', '0', '2', '0');
REPLACE INTO `rvs_project_layout_page` (`project_id`, `project_page_id`, `parent_project_page_id`, `priority`, `is_home`) VALUES ('b1796a718bd3a2200333260e63f116c3', '55c21602257a533beed62a27f9541d36', '0', '1', '1');
REPLACE INTO `rvs_project_layout_page` (`project_id`, `project_page_id`, `parent_project_page_id`, `priority`, `is_home`) VALUES ('b1796a718bd3a2200333260e63f116c3', 'c7385c469919494e17665ee7e0d6a6b6', '7bae9da57adea87f4f76e4cc0cf8c223', '3', '0');
REPLACE INTO `rvs_project_layout_page` (`project_id`, `project_page_id`, `parent_project_page_id`, `priority`, `is_home`) VALUES ('b1796a718bd3a2200333260e63f116c3', 'cbc9748e45524e651df79116087149ff', '7bae9da57adea87f4f76e4cc0cf8c223', '4', '0');
REPLACE INTO `rvs_project_layout_page` (`project_id`, `project_page_id`, `parent_project_page_id`, `priority`, `is_home`) VALUES ('b1796a718bd3a2200333260e63f116c3', '7ab4e519aef5991d4b390ad4a0ee3a6d', '0', '6', '0');
REPLACE INTO `rvs_project_layout_page` (`project_id`, `project_page_id`, `parent_project_page_id`, `priority`, `is_home`) VALUES ('b1796a718bd3a2200333260e63f116c3', 'bbf097931bc4acf3dabb235c1cf35a73', '0', '8', '0');
REPLACE INTO `rvs_project_layout_page` (`project_id`, `project_page_id`, `parent_project_page_id`, `priority`, `is_home`) VALUES ('b1796a718bd3a2200333260e63f116c3', '1eee41e2aacef23269342cf1e5910e1d', '55e693bf8f6d80623ed231cf318150f2', '1', '0');
REPLACE INTO `rvs_project_layout_page` (`project_id`, `project_page_id`, `parent_project_page_id`, `priority`, `is_home`) VALUES ('b1796a718bd3a2200333260e63f116c3', 'd71fc7b63faa09230e49d0723980e396', '55e693bf8f6d80623ed231cf318150f2', '2', '0');
REPLACE INTO `rvs_project_layout_page` (`project_id`, `project_page_id`, `parent_project_page_id`, `priority`, `is_home`) VALUES ('b1796a718bd3a2200333260e63f116c3', '95510fe215b0e571ec16ae4ddefefb62', '55e693bf8f6d80623ed231cf318150f2', '3', '0');
REPLACE INTO `rvs_project_layout_page` (`project_id`, `project_page_id`, `parent_project_page_id`, `priority`, `is_home`) VALUES ('b1796a718bd3a2200333260e63f116c3', '9b6c7e5bbb1eb3ddb4be8d2802a66e4d', '55e693bf8f6d80623ed231cf318150f2', '4', '0');
REPLACE INTO `rvs_project_layout_page` (`project_id`, `project_page_id`, `parent_project_page_id`, `priority`, `is_home`) VALUES ('b1796a718bd3a2200333260e63f116c3', '0072caa6302f1127d9a7e21f3ee6ed60', '55e693bf8f6d80623ed231cf318150f2', '5', '0');
REPLACE INTO `rvs_project_layout_page` (`project_id`, `project_page_id`, `parent_project_page_id`, `priority`, `is_home`) VALUES ('b1796a718bd3a2200333260e63f116c3', '4b0489acf8f77a0315dca4ba4caaaeb0', '55e693bf8f6d80623ed231cf318150f2', '6', '0');
REPLACE INTO `rvs_project_layout_page` (`project_id`, `project_page_id`, `parent_project_page_id`, `priority`, `is_home`) VALUES ('b1796a718bd3a2200333260e63f116c3', '4b6194ced493f79856915dcc0beec8d2', 'f8c80b3d8aa97cedffb9d7bc116e529e', '1', '0');
REPLACE INTO `rvs_project_layout_page` (`project_id`, `project_page_id`, `parent_project_page_id`, `priority`, `is_home`) VALUES ('b1796a718bd3a2200333260e63f116c3', '3cb5fc8d8c6ff5ea045660ff241ecce7', 'f8c80b3d8aa97cedffb9d7bc116e529e', '2', '0');
REPLACE INTO `rvs_project_layout_page` (`project_id`, `project_page_id`, `parent_project_page_id`, `priority`, `is_home`) VALUES ('b1796a718bd3a2200333260e63f116c3', 'aafcdbdb1367946e9c93b6622756a9ba', 'f8c80b3d8aa97cedffb9d7bc116e529e', '4', '0');
REPLACE INTO `rvs_project_layout_page` (`project_id`, `project_page_id`, `parent_project_page_id`, `priority`, `is_home`) VALUES ('b1796a718bd3a2200333260e63f116c3', 'adb7de4440bf1262d0db5bb0613b0918', 'f8c80b3d8aa97cedffb9d7bc116e529e', '5', '0');
REPLACE INTO `rvs_project_layout_page` (`project_id`, `project_page_id`, `parent_project_page_id`, `priority`, `is_home`) VALUES ('b1796a718bd3a2200333260e63f116c3', '8ef2ecf51f22fe70145f1744b388fa3d', 'f8c80b3d8aa97cedffb9d7bc116e529e', '6', '0');
REPLACE INTO `rvs_project_layout_page` (`project_id`, `project_page_id`, `parent_project_page_id`, `priority`, `is_home`) VALUES ('b1796a718bd3a2200333260e63f116c3', '6ae190fb16741d33a7e2d1807aa36977', 'f8c80b3d8aa97cedffb9d7bc116e529e', '7', '0');
REPLACE INTO `rvs_project_layout_page` (`project_id`, `project_page_id`, `parent_project_page_id`, `priority`, `is_home`) VALUES ('b1796a718bd3a2200333260e63f116c3', '4f8043c1d000f12982feb5d5be86e5db', '0', '7', '0');
REPLACE INTO `rvs_project_layout_page` (`project_id`, `project_page_id`, `parent_project_page_id`, `priority`, `is_home`) VALUES ('b1796a718bd3a2200333260e63f116c3', '40809902b31f4509d0590906f3a6f453', 'f8c80b3d8aa97cedffb9d7bc116e529e', '3', '0');
REPLACE INTO `rvs_project_layout_page` (`project_id`, `project_page_id`, `parent_project_page_id`, `priority`, `is_home`) VALUES ('b1796a718bd3a2200333260e63f116c3', '2dbff3adf386ea81bf3383724e0e572c', '7bae9da57adea87f4f76e4cc0cf8c223', '1', '0');
REPLACE INTO `rvs_project_layout_page` (`project_id`, `project_page_id`, `parent_project_page_id`, `priority`, `is_home`) VALUES ('b1796a718bd3a2200333260e63f116c3', 'd0af7d03c4b4ee34b56b01b268b5cc53', '0', '9', '0');
REPLACE INTO `rvs_project_page` (`project_page_id`, `rvs_usr_id`, `page_name`, `custom_page_name`, `rvs_component_id`, `page_data`, `page_data_zone_2`, `page_data_zone_3`, `page_data_zone_4`, `colume_width_1`, `colume_width_2`, `colume_width_3`, `rvs_layout_id`, `head`, `page_title`, `meta_keyword`, `meta_description`, `effect_page_enter`, `duration_page_enter`, `meta_page_effect`, `rvs_link_id`, `target`, `form_template_id`, `i_pathway`, `i_mail`, `i_print`, `i_favorite`, `last_modifier`, `link_active`, `page_type`, `blank_page`, `set_draft`, `is_member_page`) VALUES ('b4ddcf10e08a083ea848b8d99a5cd624', '35b29aca3af2db0d55b3f6c61d3cec6f', 'Prometric Exams', 'Prometric Exams24', '0', '', '', '', '', NULL, NULL, NULL, '0', '', 'Prometric Exams', '', '', NULL, NULL, '', '', '', '', NULL, NULL, NULL, NULL, NULL, NULL, '', '0', '0', '0');
REPLACE INTO `rvs_project_page` (`project_page_id`, `rvs_usr_id`, `page_name`, `custom_page_name`, `rvs_component_id`, `page_data`, `page_data_zone_2`, `page_data_zone_3`, `page_data_zone_4`, `colume_width_1`, `colume_width_2`, `colume_width_3`, `rvs_layout_id`, `head`, `page_title`, `meta_keyword`, `meta_description`, `effect_page_enter`, `duration_page_enter`, `meta_page_effect`, `rvs_link_id`, `target`, `form_template_id`, `i_pathway`, `i_mail`, `i_print`, `i_favorite`, `last_modifier`, `link_active`, `page_type`, `blank_page`, `set_draft`, `is_member_page`) VALUES ('f8c80b3d8aa97cedffb9d7bc116e529e', '35b29aca3af2db0d55b3f6c61d3cec6f', 'Training', '', '0', '', '', '', '', NULL, NULL, NULL, '6', '', 'Training', '', '', NULL, NULL, '', '', '', '', NULL, NULL, NULL, NULL, NULL, NULL, '', '0', '0', '0');
REPLACE INTO `rvs_project_page` (`project_page_id`, `rvs_usr_id`, `page_name`, `custom_page_name`, `rvs_component_id`, `page_data`, `page_data_zone_2`, `page_data_zone_3`, `page_data_zone_4`, `colume_width_1`, `colume_width_2`, `colume_width_3`, `rvs_layout_id`, `head`, `page_title`, `meta_keyword`, `meta_description`, `effect_page_enter`, `duration_page_enter`, `meta_page_effect`, `rvs_link_id`, `target`, `form_template_id`, `i_pathway`, `i_mail`, `i_print`, `i_favorite`, `last_modifier`, `link_active`, `page_type`, `blank_page`, `set_draft`, `is_member_page`) VALUES ('7bae9da57adea87f4f76e4cc0cf8c223', '35b29aca3af2db0d55b3f6c61d3cec6f', 'Exams', '', '0', '', '', '', '', NULL, NULL, NULL, '0', '', 'Exams', '', '', NULL, NULL, '', '', '', '', NULL, NULL, NULL, NULL, NULL, NULL, '', '0', '0', '0');
REPLACE INTO `rvs_project_page` (`project_page_id`, `rvs_usr_id`, `page_name`, `custom_page_name`, `rvs_component_id`, `page_data`, `page_data_zone_2`, `page_data_zone_3`, `page_data_zone_4`, `colume_width_1`, `colume_width_2`, `colume_width_3`, `rvs_layout_id`, `head`, `page_title`, `meta_keyword`, `meta_description`, `effect_page_enter`, `duration_page_enter`, `meta_page_effect`, `rvs_link_id`, `target`, `form_template_id`, `i_pathway`, `i_mail`, `i_print`, `i_favorite`, `last_modifier`, `link_active`, `page_type`, `blank_page`, `set_draft`, `is_member_page`) VALUES ('55e693bf8f6d80623ed231cf318150f2', '35b29aca3af2db0d55b3f6c61d3cec6f', 'Services', '', '0', '', '', '', '', NULL, NULL, NULL, '4', '', 'Cetra Services', '', '', NULL, NULL, '', '', '', '', NULL, NULL, NULL, NULL, NULL, NULL, '', '0', '0', '0');
REPLACE INTO `rvs_project_page` (`project_page_id`, `rvs_usr_id`, `page_name`, `custom_page_name`, `rvs_component_id`, `page_data`, `page_data_zone_2`, `page_data_zone_3`, `page_data_zone_4`, `colume_width_1`, `colume_width_2`, `colume_width_3`, `rvs_layout_id`, `head`, `page_title`, `meta_keyword`, `meta_description`, `effect_page_enter`, `duration_page_enter`, `meta_page_effect`, `rvs_link_id`, `target`, `form_template_id`, `i_pathway`, `i_mail`, `i_print`, `i_favorite`, `last_modifier`, `link_active`, `page_type`, `blank_page`, `set_draft`, `is_member_page`) VALUES ('e5e48c9046418145b5906bbade1687be', '35b29aca3af2db0d55b3f6c61d3cec6f', 'About us', '', '0', '<p>&nbsp;</p>\n<div>&nbsp;</div>\n<div>&nbsp;</div>\n<div>&nbsp;</div>\n<div>&nbsp;</div>', '<div>We are a&nbsp;team of experienced and certified professionals committed to building and deploying robust and scalable state-of-the-art technology. If your network downtime is killing your business operation then call us! </div>\n<div>&nbsp;</div>\n<div>We have been a major player in Fiber, Wireless, Certification Training, Website Development, Testing Center, VSAT installation, application integration and Networking since the year 2000. We build and manage networks even remotely all over the country.</div>\n<div>&nbsp;</div>\n<div>For more enquiry <a title=\"Fill\" href=\"bbf097931bc4acf3dabb235c1cf35a73.php\">Contact Cetra Computers</a>.</div>', '<p>&nbsp;</p>', '<p>&nbsp;</p>', '17', '76', '7', '7', '', 'About Us', '', '', NULL, NULL, '', '', '', '', NULL, NULL, NULL, NULL, '1340634672', NULL, '', '0', '0', '0');
REPLACE INTO `rvs_project_page` (`project_page_id`, `rvs_usr_id`, `page_name`, `custom_page_name`, `rvs_component_id`, `page_data`, `page_data_zone_2`, `page_data_zone_3`, `page_data_zone_4`, `colume_width_1`, `colume_width_2`, `colume_width_3`, `rvs_layout_id`, `head`, `page_title`, `meta_keyword`, `meta_description`, `effect_page_enter`, `duration_page_enter`, `meta_page_effect`, `rvs_link_id`, `target`, `form_template_id`, `i_pathway`, `i_mail`, `i_print`, `i_favorite`, `last_modifier`, `link_active`, `page_type`, `blank_page`, `set_draft`, `is_member_page`) VALUES ('55c21602257a533beed62a27f9541d36', '35b29aca3af2db0d55b3f6c61d3cec6f', 'Home', '', '0', '<p><span></span></p>\r\n<div></div>\r\n<div></div>\r\n<div></div>\r\n<div></div>', '<p><strong><font style=\"font-size: large\">Welcome to Cetra!</font></strong></p>\r\n<p class=\"MsoNormal\"></p><span>\r\n<p style=\"margin: 0in 0in 0pt\" class=\"MsoNormal\"><span style=\"font-family: \'Tahoma\', \'sans-serif\'; font-size: 14pt\">Cetra Computer is a full-fledged IT company specializing in deploying cutting edge technology and a wide range of technological services geared towards enhancing clients’ efficiency and productivity. </span></p>\r\n<p style=\"margin: 0in 0in 0pt\" class=\"MsoNormal\"><strong><span style=\"font-family: \'Tahoma\', \'sans-serif\'; font-size: 14pt\"></span></strong></p>\r\n<p style=\"margin: 0in 0in 0pt\" class=\"MsoNormal\"><strong><span style=\"font-family: \'Tahoma\', \'sans-serif\'; font-size: 14pt\">Our Scope of Operation </span></strong><span style=\"font-family: \'Tahoma\', \'sans-serif\'; font-size: 14pt\">includes<strong> </strong></span></p>\r\n<p style=\"margin: 0in 0in 0pt\" class=\"Default\"><span style=\"font-family: \'Tahoma\', \'sans-serif\'; font-size: 14pt\"><span> </span></span></p>\r\n<p style=\"text-indent: -0.25in; margin: 0in 0in 0pt 0.5in\" class=\"Default\"><span style=\"font-family: Symbol; font-size: 14pt\"><span>·<span style=\"font: 7pt \'Times New Roman\'\"> </span></span></span><span style=\"font-family: \'Tahoma\', \'sans-serif\'; font-size: 14pt\">Authorized Test Center for Prometric, Pearson VUE, Certiport and TOEFL </span></p>\r\n<p style=\"text-indent: -0.25in; margin: 0in 0in 0pt 0.5in\" class=\"Default\"><span style=\"font-family: Symbol; font-size: 14pt\"><span>·<span style=\"font: 7pt \'Times New Roman\'\"> </span></span></span><span style=\"font-family: \'Tahoma\', \'sans-serif\'; font-size: 14pt\">Corporate, individualized and certification training and workshop </span></p>\r\n<p style=\"text-indent: -0.25in; margin: 0in 0in 0pt 0.5in\" class=\"Default\"><span style=\"font-family: Symbol; font-size: 14pt\"><span>·<span style=\"font: 7pt \'Times New Roman\'\"> </span></span></span><span style=\"font-family: \'Tahoma\', \'sans-serif\'; font-size: 14pt\">Supply, installation, maintenance and repairs of desktops, laptops and printers, clone and branded, and accessories </span></p>\r\n<p style=\"text-indent: -0.25in; margin: 0in 0in 0pt 0.5in\" class=\"Default\"><span style=\"font-family: Symbol; font-size: 14pt\"><span>·<span style=\"font: 7pt \'Times New Roman\'\"> </span></span></span><span style=\"font-family: \'Tahoma\', \'sans-serif\'; font-size: 14pt\"><span></span>Supply, installation, maintenance and repairs of internet access equipment (VSAT and wireless) and accessories </span></p>\r\n<p style=\"text-indent: -0.25in; margin: 0in 0in 0pt 0.5in\" class=\"Default\"><span style=\"font-family: Symbol; font-size: 14pt\"><span>·<span style=\"font: 7pt \'Times New Roman\'\"> </span></span></span><span style=\"font-family: \'Tahoma\', \'sans-serif\'; font-size: 14pt\">Supply and installation of audio visual equipment including Projectors, Projector Screens, Smartboards and TV </span></p>\r\n<p style=\"text-indent: -0.25in; margin: 0in 0in 0pt 0.5in\" class=\"Default\"><span style=\"font-family: Symbol; font-size: 14pt\"><span>·<span style=\"font: 7pt \'Times New Roman\'\"> </span></span></span><span style=\"font-family: \'Tahoma\', \'sans-serif\'; font-size: 14pt\">Supply, installation, maintenance and repairs of networking equipment including LAN, WAN, Routers, Switches, Cabinets, Fiber-Optic and<span> </span>accessories </span></p>\r\n<p style=\"text-indent: -0.25in; margin: 0in 0in 0pt 0.5in\" class=\"Default\"><span style=\"font-family: Symbol; font-size: 14pt\"><span>·<span style=\"font: 7pt \'Times New Roman\'\"> </span></span></span><span style=\"font-family: \'Tahoma\', \'sans-serif\'; font-size: 14pt\">Supply, installation, maintenance and repairs of inverters, chargers, solar panels and accessories </span></p>\r\n<p style=\"text-indent: -0.25in; margin: 0in 0in 0pt 0.5in\" class=\"Default\"><span style=\"font-family: Symbol; font-size: 14pt\"><span>·<span style=\"font: 7pt \'Times New Roman\'\"> </span></span></span><span style=\"font-family: \'Tahoma\', \'sans-serif\'; font-size: 14pt\">Turn Key Software and Website Design and Development </span></p>\r\n<p style=\"text-indent: -0.25in; margin: 0in 0in 0pt 0.5in\" class=\"Default\"><span style=\"font-family: Symbol; font-size: 14pt\"><span>·<span style=\"font: 7pt \'Times New Roman\'\"> </span></span></span><span style=\"font-family: \'Tahoma\', \'sans-serif\'; font-size: 14pt\">ICT Consultancy <span></span>and Outsourcing </span></p>\r\n<p class=\"MsoNormal\"></p></span>', '<p></p>\r\n\r\n\r\n\r\n\r\n', '<hr />\r\n<center><font color=\"#717171\">ISP | Website &amp; Software Developers | Training | Testing Center | Hardware | Networking | Fiber | Wireless | Application Integration</font></center>\r\n<center><font color=\"#717171\">Copyright © 2012 Cetra Computers. All rights reserved</font></center>', '19', '67', '14', '7', '', 'Welcome to Cetra', '', '', NULL, NULL, '', '', '', '', NULL, NULL, NULL, NULL, '1341822977', NULL, '', '0', '0', '0');
REPLACE INTO `rvs_project_page` (`project_page_id`, `rvs_usr_id`, `page_name`, `custom_page_name`, `rvs_component_id`, `page_data`, `page_data_zone_2`, `page_data_zone_3`, `page_data_zone_4`, `colume_width_1`, `colume_width_2`, `colume_width_3`, `rvs_layout_id`, `head`, `page_title`, `meta_keyword`, `meta_description`, `effect_page_enter`, `duration_page_enter`, `meta_page_effect`, `rvs_link_id`, `target`, `form_template_id`, `i_pathway`, `i_mail`, `i_print`, `i_favorite`, `last_modifier`, `link_active`, `page_type`, `blank_page`, `set_draft`, `is_member_page`) VALUES ('c7385c469919494e17665ee7e0d6a6b6', '35b29aca3af2db0d55b3f6c61d3cec6f', 'Pearson VUE Exams', 'Pearson VUE Exams28', '0', '', '', '', '', NULL, NULL, NULL, '0', '', 'Pearson VUE', '', '', NULL, NULL, '', '', '', '', NULL, NULL, NULL, NULL, NULL, NULL, '', '0', '0', '0');
REPLACE INTO `rvs_project_page` (`project_page_id`, `rvs_usr_id`, `page_name`, `custom_page_name`, `rvs_component_id`, `page_data`, `page_data_zone_2`, `page_data_zone_3`, `page_data_zone_4`, `colume_width_1`, `colume_width_2`, `colume_width_3`, `rvs_layout_id`, `head`, `page_title`, `meta_keyword`, `meta_description`, `effect_page_enter`, `duration_page_enter`, `meta_page_effect`, `rvs_link_id`, `target`, `form_template_id`, `i_pathway`, `i_mail`, `i_print`, `i_favorite`, `last_modifier`, `link_active`, `page_type`, `blank_page`, `set_draft`, `is_member_page`) VALUES ('cbc9748e45524e651df79116087149ff', '35b29aca3af2db0d55b3f6c61d3cec6f', 'Certiport Exams', 'Certiport Exams30', '0', '', '', '', '', NULL, NULL, NULL, '0', '', 'Certiport Exams', '', '', NULL, NULL, '', '', '', '', NULL, NULL, NULL, NULL, NULL, NULL, '', '0', '0', '0');
REPLACE INTO `rvs_project_page` (`project_page_id`, `rvs_usr_id`, `page_name`, `custom_page_name`, `rvs_component_id`, `page_data`, `page_data_zone_2`, `page_data_zone_3`, `page_data_zone_4`, `colume_width_1`, `colume_width_2`, `colume_width_3`, `rvs_layout_id`, `head`, `page_title`, `meta_keyword`, `meta_description`, `effect_page_enter`, `duration_page_enter`, `meta_page_effect`, `rvs_link_id`, `target`, `form_template_id`, `i_pathway`, `i_mail`, `i_print`, `i_favorite`, `last_modifier`, `link_active`, `page_type`, `blank_page`, `set_draft`, `is_member_page`) VALUES ('7ab4e519aef5991d4b390ad4a0ee3a6d', '35b29aca3af2db0d55b3f6c61d3cec6f', 'Register', '', '0', '', '', '', '', NULL, NULL, NULL, '6', '', 'Register to take an test', '', '', NULL, NULL, '', '', '', '', NULL, NULL, NULL, NULL, NULL, NULL, '', '0', '0', '0');
REPLACE INTO `rvs_project_page` (`project_page_id`, `rvs_usr_id`, `page_name`, `custom_page_name`, `rvs_component_id`, `page_data`, `page_data_zone_2`, `page_data_zone_3`, `page_data_zone_4`, `colume_width_1`, `colume_width_2`, `colume_width_3`, `rvs_layout_id`, `head`, `page_title`, `meta_keyword`, `meta_description`, `effect_page_enter`, `duration_page_enter`, `meta_page_effect`, `rvs_link_id`, `target`, `form_template_id`, `i_pathway`, `i_mail`, `i_print`, `i_favorite`, `last_modifier`, `link_active`, `page_type`, `blank_page`, `set_draft`, `is_member_page`) VALUES ('bbf097931bc4acf3dabb235c1cf35a73', '35b29aca3af2db0d55b3f6c61d3cec6f', 'Contact Us', '', '0abdc8803782cfd0792fd5597afe8ca8', '<img alt=\"\" class=\"jotForm\" id=\"DragAndDropForm_285011abdf93176639b5ba0beb42c258\" name=\"DragAndDropForm_285011abdf93176639b5ba0beb42c258\" src=\"{IMAGE_URL}/spacer.gif\" frmid=\"285011abdf93176639b5ba0beb42c258\" formtype=\"jotform\" height=\"600\" width=\"600\" align=\"center\" border=\"1\" /><br/>', '', '', '', NULL, NULL, NULL, '0', '', 'Contact Us', '', '', NULL, NULL, '', '', '', '', NULL, NULL, NULL, NULL, NULL, NULL, '', '0', '0', '0');
REPLACE INTO `rvs_project_page` (`project_page_id`, `rvs_usr_id`, `page_name`, `custom_page_name`, `rvs_component_id`, `page_data`, `page_data_zone_2`, `page_data_zone_3`, `page_data_zone_4`, `colume_width_1`, `colume_width_2`, `colume_width_3`, `rvs_layout_id`, `head`, `page_title`, `meta_keyword`, `meta_description`, `effect_page_enter`, `duration_page_enter`, `meta_page_effect`, `rvs_link_id`, `target`, `form_template_id`, `i_pathway`, `i_mail`, `i_print`, `i_favorite`, `last_modifier`, `link_active`, `page_type`, `blank_page`, `set_draft`, `is_member_page`) VALUES ('1eee41e2aacef23269342cf1e5910e1d', '35b29aca3af2db0d55b3f6c61d3cec6f', 'Networking', 'Networking22', '0', '', '', '', '', NULL, NULL, NULL, '0', '', 'Networking', '', '', NULL, NULL, '', '', '', '', NULL, NULL, NULL, NULL, NULL, NULL, '', '0', '0', '0');
REPLACE INTO `rvs_project_page` (`project_page_id`, `rvs_usr_id`, `page_name`, `custom_page_name`, `rvs_component_id`, `page_data`, `page_data_zone_2`, `page_data_zone_3`, `page_data_zone_4`, `colume_width_1`, `colume_width_2`, `colume_width_3`, `rvs_layout_id`, `head`, `page_title`, `meta_keyword`, `meta_description`, `effect_page_enter`, `duration_page_enter`, `meta_page_effect`, `rvs_link_id`, `target`, `form_template_id`, `i_pathway`, `i_mail`, `i_print`, `i_favorite`, `last_modifier`, `link_active`, `page_type`, `blank_page`, `set_draft`, `is_member_page`) VALUES ('d71fc7b63faa09230e49d0723980e396', '35b29aca3af2db0d55b3f6c61d3cec6f', 'Internet Service', 'Internet Service25', '0', '', '', '', '', NULL, NULL, NULL, '0', '', 'Internet Services', '', '', NULL, NULL, '', '', '', '', NULL, NULL, NULL, NULL, NULL, NULL, '', '0', '0', '0');
REPLACE INTO `rvs_project_page` (`project_page_id`, `rvs_usr_id`, `page_name`, `custom_page_name`, `rvs_component_id`, `page_data`, `page_data_zone_2`, `page_data_zone_3`, `page_data_zone_4`, `colume_width_1`, `colume_width_2`, `colume_width_3`, `rvs_layout_id`, `head`, `page_title`, `meta_keyword`, `meta_description`, `effect_page_enter`, `duration_page_enter`, `meta_page_effect`, `rvs_link_id`, `target`, `form_template_id`, `i_pathway`, `i_mail`, `i_print`, `i_favorite`, `last_modifier`, `link_active`, `page_type`, `blank_page`, `set_draft`, `is_member_page`) VALUES ('95510fe215b0e571ec16ae4ddefefb62', '35b29aca3af2db0d55b3f6c61d3cec6f', 'Outsourcing', 'Outsourcing26', '0', '', '', '', '', NULL, NULL, NULL, '0', '', 'Outsourcing', '', '', NULL, NULL, '', '', '', '', NULL, NULL, NULL, NULL, NULL, NULL, '', '0', '0', '0');
REPLACE INTO `rvs_project_page` (`project_page_id`, `rvs_usr_id`, `page_name`, `custom_page_name`, `rvs_component_id`, `page_data`, `page_data_zone_2`, `page_data_zone_3`, `page_data_zone_4`, `colume_width_1`, `colume_width_2`, `colume_width_3`, `rvs_layout_id`, `head`, `page_title`, `meta_keyword`, `meta_description`, `effect_page_enter`, `duration_page_enter`, `meta_page_effect`, `rvs_link_id`, `target`, `form_template_id`, `i_pathway`, `i_mail`, `i_print`, `i_favorite`, `last_modifier`, `link_active`, `page_type`, `blank_page`, `set_draft`, `is_member_page`) VALUES ('9b6c7e5bbb1eb3ddb4be8d2802a66e4d', '35b29aca3af2db0d55b3f6c61d3cec6f', 'Hardware Sales', 'Hardware Sales31', '0', '', '', '', '', NULL, NULL, NULL, '0', '', 'Hardware Sales', '', '', NULL, NULL, '', '', '', '', NULL, NULL, NULL, NULL, NULL, NULL, '', '0', '0', '0');
REPLACE INTO `rvs_project_page` (`project_page_id`, `rvs_usr_id`, `page_name`, `custom_page_name`, `rvs_component_id`, `page_data`, `page_data_zone_2`, `page_data_zone_3`, `page_data_zone_4`, `colume_width_1`, `colume_width_2`, `colume_width_3`, `rvs_layout_id`, `head`, `page_title`, `meta_keyword`, `meta_description`, `effect_page_enter`, `duration_page_enter`, `meta_page_effect`, `rvs_link_id`, `target`, `form_template_id`, `i_pathway`, `i_mail`, `i_print`, `i_favorite`, `last_modifier`, `link_active`, `page_type`, `blank_page`, `set_draft`, `is_member_page`) VALUES ('0072caa6302f1127d9a7e21f3ee6ed60', '35b29aca3af2db0d55b3f6c61d3cec6f', 'Website Design and Hosting', 'Website Design and Hosting32', '0', '', '', '', '', NULL, NULL, NULL, '0', '', 'Web Design', '', '', NULL, NULL, '', '', '', '', NULL, NULL, NULL, NULL, NULL, NULL, '', '0', '0', '0');
REPLACE INTO `rvs_project_page` (`project_page_id`, `rvs_usr_id`, `page_name`, `custom_page_name`, `rvs_component_id`, `page_data`, `page_data_zone_2`, `page_data_zone_3`, `page_data_zone_4`, `colume_width_1`, `colume_width_2`, `colume_width_3`, `rvs_layout_id`, `head`, `page_title`, `meta_keyword`, `meta_description`, `effect_page_enter`, `duration_page_enter`, `meta_page_effect`, `rvs_link_id`, `target`, `form_template_id`, `i_pathway`, `i_mail`, `i_print`, `i_favorite`, `last_modifier`, `link_active`, `page_type`, `blank_page`, `set_draft`, `is_member_page`) VALUES ('4b0489acf8f77a0315dca4ba4caaaeb0', '35b29aca3af2db0d55b3f6c61d3cec6f', 'Software Development', 'Software Development35', '0', '', '', '', '', NULL, NULL, NULL, '0', '', 'Software Development', '', '', NULL, NULL, '', '', '', '', NULL, NULL, NULL, NULL, NULL, NULL, '', '0', '0', '0');
REPLACE INTO `rvs_project_page` (`project_page_id`, `rvs_usr_id`, `page_name`, `custom_page_name`, `rvs_component_id`, `page_data`, `page_data_zone_2`, `page_data_zone_3`, `page_data_zone_4`, `colume_width_1`, `colume_width_2`, `colume_width_3`, `rvs_layout_id`, `head`, `page_title`, `meta_keyword`, `meta_description`, `effect_page_enter`, `duration_page_enter`, `meta_page_effect`, `rvs_link_id`, `target`, `form_template_id`, `i_pathway`, `i_mail`, `i_print`, `i_favorite`, `last_modifier`, `link_active`, `page_type`, `blank_page`, `set_draft`, `is_member_page`) VALUES ('4b6194ced493f79856915dcc0beec8d2', '35b29aca3af2db0d55b3f6c61d3cec6f', 'Corporate Training', 'Corporate Training21', '0', '', '', '', '', NULL, NULL, NULL, '0', '', 'Corporate Training', '', '', NULL, NULL, '', '', '', '', NULL, NULL, NULL, NULL, NULL, NULL, '', '0', '0', '0');
REPLACE INTO `rvs_project_page` (`project_page_id`, `rvs_usr_id`, `page_name`, `custom_page_name`, `rvs_component_id`, `page_data`, `page_data_zone_2`, `page_data_zone_3`, `page_data_zone_4`, `colume_width_1`, `colume_width_2`, `colume_width_3`, `rvs_layout_id`, `head`, `page_title`, `meta_keyword`, `meta_description`, `effect_page_enter`, `duration_page_enter`, `meta_page_effect`, `rvs_link_id`, `target`, `form_template_id`, `i_pathway`, `i_mail`, `i_print`, `i_favorite`, `last_modifier`, `link_active`, `page_type`, `blank_page`, `set_draft`, `is_member_page`) VALUES ('3cb5fc8d8c6ff5ea045660ff241ecce7', '35b29aca3af2db0d55b3f6c61d3cec6f', 'IT Certification Training', 'IT Certification Training23', '0', '', '', '', '', NULL, NULL, NULL, '0', '', 'IT Certification Training', '', '', NULL, NULL, '', '', '', '', NULL, NULL, NULL, NULL, NULL, NULL, '', '0', '0', '0');
REPLACE INTO `rvs_project_page` (`project_page_id`, `rvs_usr_id`, `page_name`, `custom_page_name`, `rvs_component_id`, `page_data`, `page_data_zone_2`, `page_data_zone_3`, `page_data_zone_4`, `colume_width_1`, `colume_width_2`, `colume_width_3`, `rvs_layout_id`, `head`, `page_title`, `meta_keyword`, `meta_description`, `effect_page_enter`, `duration_page_enter`, `meta_page_effect`, `rvs_link_id`, `target`, `form_template_id`, `i_pathway`, `i_mail`, `i_print`, `i_favorite`, `last_modifier`, `link_active`, `page_type`, `blank_page`, `set_draft`, `is_member_page`) VALUES ('aafcdbdb1367946e9c93b6622756a9ba', '35b29aca3af2db0d55b3f6c61d3cec6f', 'Microsoft', 'Microsoft29', '0', '', '', '', '', NULL, NULL, NULL, '0', '', 'Microsoft Training', '', '', NULL, NULL, '', '', '', '', NULL, NULL, NULL, NULL, NULL, NULL, '', '0', '0', '0');
REPLACE INTO `rvs_project_page` (`project_page_id`, `rvs_usr_id`, `page_name`, `custom_page_name`, `rvs_component_id`, `page_data`, `page_data_zone_2`, `page_data_zone_3`, `page_data_zone_4`, `colume_width_1`, `colume_width_2`, `colume_width_3`, `rvs_layout_id`, `head`, `page_title`, `meta_keyword`, `meta_description`, `effect_page_enter`, `duration_page_enter`, `meta_page_effect`, `rvs_link_id`, `target`, `form_template_id`, `i_pathway`, `i_mail`, `i_print`, `i_favorite`, `last_modifier`, `link_active`, `page_type`, `blank_page`, `set_draft`, `is_member_page`) VALUES ('adb7de4440bf1262d0db5bb0613b0918', '35b29aca3af2db0d55b3f6c61d3cec6f', 'Cisco', 'Cisco33', '0', '', '', '', '', NULL, NULL, NULL, '0', '', 'Cisco Training', '', '', NULL, NULL, '', '', '', '', NULL, NULL, NULL, NULL, NULL, NULL, '', '0', '0', '0');
REPLACE INTO `rvs_project_page` (`project_page_id`, `rvs_usr_id`, `page_name`, `custom_page_name`, `rvs_component_id`, `page_data`, `page_data_zone_2`, `page_data_zone_3`, `page_data_zone_4`, `colume_width_1`, `colume_width_2`, `colume_width_3`, `rvs_layout_id`, `head`, `page_title`, `meta_keyword`, `meta_description`, `effect_page_enter`, `duration_page_enter`, `meta_page_effect`, `rvs_link_id`, `target`, `form_template_id`, `i_pathway`, `i_mail`, `i_print`, `i_favorite`, `last_modifier`, `link_active`, `page_type`, `blank_page`, `set_draft`, `is_member_page`) VALUES ('8ef2ecf51f22fe70145f1744b388fa3d', '35b29aca3af2db0d55b3f6c61d3cec6f', 'CompTIA', 'CompTIA34', '0', '', '', '', '', NULL, NULL, NULL, '0', '', 'CompTIA', '', '', NULL, NULL, '', '', '', '', NULL, NULL, NULL, NULL, NULL, NULL, '', '0', '0', '0');
REPLACE INTO `rvs_project_page` (`project_page_id`, `rvs_usr_id`, `page_name`, `custom_page_name`, `rvs_component_id`, `page_data`, `page_data_zone_2`, `page_data_zone_3`, `page_data_zone_4`, `colume_width_1`, `colume_width_2`, `colume_width_3`, `rvs_layout_id`, `head`, `page_title`, `meta_keyword`, `meta_description`, `effect_page_enter`, `duration_page_enter`, `meta_page_effect`, `rvs_link_id`, `target`, `form_template_id`, `i_pathway`, `i_mail`, `i_print`, `i_favorite`, `last_modifier`, `link_active`, `page_type`, `blank_page`, `set_draft`, `is_member_page`) VALUES ('6ae190fb16741d33a7e2d1807aa36977', '35b29aca3af2db0d55b3f6c61d3cec6f', 'CWNA', 'CWNA36', '0', '', '', '', '', NULL, NULL, NULL, '0', '', 'WiFi', '', '', NULL, NULL, '', '', '', '', NULL, NULL, NULL, NULL, NULL, NULL, '', '0', '0', '0');
REPLACE INTO `rvs_project_page` (`project_page_id`, `rvs_usr_id`, `page_name`, `custom_page_name`, `rvs_component_id`, `page_data`, `page_data_zone_2`, `page_data_zone_3`, `page_data_zone_4`, `colume_width_1`, `colume_width_2`, `colume_width_3`, `rvs_layout_id`, `head`, `page_title`, `meta_keyword`, `meta_description`, `effect_page_enter`, `duration_page_enter`, `meta_page_effect`, `rvs_link_id`, `target`, `form_template_id`, `i_pathway`, `i_mail`, `i_print`, `i_favorite`, `last_modifier`, `link_active`, `page_type`, `blank_page`, `set_draft`, `is_member_page`) VALUES ('4f8043c1d000f12982feb5d5be86e5db', '35b29aca3af2db0d55b3f6c61d3cec6f', 'Tech Tips', '', '0', '', '', '', '', NULL, NULL, NULL, '8', '', 'Tech Tips', '', '', NULL, NULL, '', '', '', '', NULL, NULL, NULL, NULL, NULL, NULL, '', '0', '0', '0');
REPLACE INTO `rvs_project_page` (`project_page_id`, `rvs_usr_id`, `page_name`, `custom_page_name`, `rvs_component_id`, `page_data`, `page_data_zone_2`, `page_data_zone_3`, `page_data_zone_4`, `colume_width_1`, `colume_width_2`, `colume_width_3`, `rvs_layout_id`, `head`, `page_title`, `meta_keyword`, `meta_description`, `effect_page_enter`, `duration_page_enter`, `meta_page_effect`, `rvs_link_id`, `target`, `form_template_id`, `i_pathway`, `i_mail`, `i_print`, `i_favorite`, `last_modifier`, `link_active`, `page_type`, `blank_page`, `set_draft`, `is_member_page`) VALUES ('40809902b31f4509d0590906f3a6f453', '35b29aca3af2db0d55b3f6c61d3cec6f', 'TOEFL', 'TOEFL27', '0', '', '', '', '', NULL, NULL, NULL, '0', '', '', '', '', NULL, NULL, '', '', '', '', NULL, NULL, NULL, NULL, NULL, NULL, '', '0', '0', '0');
REPLACE INTO `rvs_project_page` (`project_page_id`, `rvs_usr_id`, `page_name`, `custom_page_name`, `rvs_component_id`, `page_data`, `page_data_zone_2`, `page_data_zone_3`, `page_data_zone_4`, `colume_width_1`, `colume_width_2`, `colume_width_3`, `rvs_layout_id`, `head`, `page_title`, `meta_keyword`, `meta_description`, `effect_page_enter`, `duration_page_enter`, `meta_page_effect`, `rvs_link_id`, `target`, `form_template_id`, `i_pathway`, `i_mail`, `i_print`, `i_favorite`, `last_modifier`, `link_active`, `page_type`, `blank_page`, `set_draft`, `is_member_page`) VALUES ('2dbff3adf386ea81bf3383724e0e572c', '35b29aca3af2db0d55b3f6c61d3cec6f', 'TOEFL Exam', 'TOEFL Exam20', '0', '', '', '', '', NULL, NULL, NULL, '0', '', '', '', '', NULL, NULL, '', '', '', '', NULL, NULL, NULL, NULL, NULL, NULL, '', '0', '0', '0');
REPLACE INTO `rvs_project_page` (`project_page_id`, `rvs_usr_id`, `page_name`, `custom_page_name`, `rvs_component_id`, `page_data`, `page_data_zone_2`, `page_data_zone_3`, `page_data_zone_4`, `colume_width_1`, `colume_width_2`, `colume_width_3`, `rvs_layout_id`, `head`, `page_title`, `meta_keyword`, `meta_description`, `effect_page_enter`, `duration_page_enter`, `meta_page_effect`, `rvs_link_id`, `target`, `form_template_id`, `i_pathway`, `i_mail`, `i_print`, `i_favorite`, `last_modifier`, `link_active`, `page_type`, `blank_page`, `set_draft`, `is_member_page`) VALUES ('d0af7d03c4b4ee34b56b01b268b5cc53', '35b29aca3af2db0d55b3f6c61d3cec6f', 'Our Location', '', '0', '<div align=\"center\">&nbsp;</div>\n<div align=\"center\">&nbsp;</div>\n<div align=\"center\"><img style=\"width: 826px; height: 361px\" title=\"\" alt=\"\" width=\"826\" height=\"361\" src=\"{IMAGE_URL}/Our_Location.png\" /></div>\n<div align=\"center\"><font style=\"font-size: large\"></font>&nbsp;</div>\n<div align=\"justify\"><font style=\"font-size: large\">On Yakubu Gowon Way (A3), get to NASCO Junction and turn to Old Airport Road. Continue on Old Airport Road, pass Airforce Base, straight till you get to&nbsp;Eliel Conference Center on your right. Cetra is in the building on your right within Eliel Center premises</font></div>\n<div align=\"center\"><font style=\"font-size: large\"></font>&nbsp;</div>\n<div align=\"center\"><font style=\"font-size: large\"></font>&nbsp;</div>\n<div align=\"left\"><font style=\"font-size: large\">Our address is:</font></div>\n<div align=\"left\"><font style=\"font-size: large\"></font>&nbsp;</div>\n<div align=\"justify\"><font style=\"font-size: large\">Cetra Computers Ltd</font></div>\n<div align=\"justify\"><font style=\"font-size: large\">Eliel Conference Centre</font></div>\n<div align=\"justify\"><font style=\"font-size: large\">Gold &amp; Base, </font><font style=\"font-size: large\">Rayfield, Jos</font></div>\n<div align=\"justify\"><font style=\"font-size: large\">Plateau State. Nigeria</font></div>\n<div>&nbsp;</div>\n<div>&nbsp;</div>\n<div>&nbsp;</div>\n<div>&nbsp;</div>', '', '', '', NULL, NULL, NULL, '1', '', '', '', '', NULL, NULL, '', '', '', '', NULL, NULL, NULL, NULL, '1340638823', NULL, '', '0', '0', '0');
REPLACE INTO `rvs_publish` (`project_id`, `rvs_publish_protocal`, `rvs_publish_domain`, `rvs_publish_path`, `rvs_domain_path`) VALUES ('b1796a718bd3a2200333260e63f116c3', 'http', 'cetracom.net', '', '/home/dalabi08/public_html');
REPLACE INTO `rvs_template_item` (`template_item_id`, `products_id`, `template_id`, `template_item_folder`, `template_type_s_preview`, `color_id`, `picture_id`) VALUES ('416983bd138fab9372b7315d9df922d3', '4-973-1', '416983bd138fab9372b7315d9df922d3', 'pro_4-973-1_blue_technology_2', 'jpg', '9', '205');
REPLACE INTO `rvs_template_item_navigator_color` (`template_item_id`, `custom_color_group_id`) VALUES ('416983bd138fab9372b7315d9df922d3', '2');
REPLACE INTO `rvs_template` (`template_id`, `default_template_item_id`, `default_template_item_id2`, `font_id`, `menustyle_id`, `navigator_id`, `default_layout_id`, `sort_priority`, `cdate`) VALUES ('416983bd138fab9372b7315d9df922d3', '416983bd138fab9372b7315d9df922d3', '', '12', '2', '26', 'f9f3872f2188eccc86ec56db77ecce0e', '200', '1240790400');
REPLACE INTO `rvs_menustyle` (`menustyle_id`, `menustyle_description`) VALUES ('2', 'horizontal');
REPLACE INTO `rvs_template_categories_xref` (`template_id`, `rvs_category_id`) VALUES ('416983bd138fab9372b7315d9df922d3', '4');
REPLACE INTO `rvs_template_type_xref` (`template_id`, `template_type_id`) VALUES ('416983bd138fab9372b7315d9df922d3', '5');
REPLACE INTO `rvs_template_type` (`template_type_id`, `template_type_name`) VALUES ('5', 'Monochrome');
REPLACE INTO `rvs_usr` (`rvs_usr_id`, `user_name`, `charset_id`) VALUES ('35b29aca3af2db0d55b3f6c61d3cec6f', 'dalabi08', '0');
